{"id":546,"date":"2021-12-27T18:12:35","date_gmt":"2021-12-27T16:12:35","guid":{"rendered":"http:\/\/www.sandraberiger.ch\/?page_id=546"},"modified":"2026-01-03T22:30:48","modified_gmt":"2026-01-03T20:30:48","slug":"uber-mich","status":"publish","type":"page","link":"http:\/\/www.sandraberiger.ch\/sandra-beriger\/uber-mich\/","title":{"rendered":"\u00dcber mich"},"content":{"rendered":"\n<div class=\"wp-block-columns\">\n<div class=\"wp-block-column\" style=\"flex-basis:50%\">\n<p class=\"has-large-font-size\"><strong>Sandra Beriger<\/strong> lic. phil. I<\/p>\n\n\n\n<p><\/p>\n\n\n\n<p class=\"has-normal-font-size\">Entwicklungspsychologin, F\u00f6rderlehrperson, Autorin<\/p>\n<\/div>\n\n\n\n<div class=\"wp-block-column\" style=\"flex-basis:33.33%\">\n<figure class=\"wp-block-image size-full\"><a href=\"http:\/\/www.sandraberiger.ch\/wp-content\/uploads\/2021\/12\/sandraberiger.jpg\"><img loading=\"lazy\" width=\"409\" height=\"585\" src=\"http:\/\/www.sandraberiger.ch\/wp-content\/uploads\/2021\/12\/sandraberiger.jpg\" alt=\"\" class=\"wp-image-547\" srcset=\"http:\/\/www.sandraberiger.ch\/wp-content\/uploads\/2021\/12\/sandraberiger.jpg 409w, http:\/\/www.sandraberiger.ch\/wp-content\/uploads\/2021\/12\/sandraberiger-210x300.jpg 210w\" sizes=\"(max-width: 409px) 100vw, 409px\" \/><\/a><\/figure>\n<\/div>\n<\/div>\n\n\n\n<p>Nach mehrj\u00e4hriger T\u00e4tigkeit als Primarschullehrerin ver\u00f6ffentlichte ich 1992 die \u201eWasser-Werkstatt\u201c, eine der ersten \u201cMensch und Umwelt\u201d-Werkst\u00e4tten f\u00fcr die Primarschulstufe. Lehrpersonen bekamen damit ein Hilfsmittel, um ihren Unterricht handlungsorientiert und individualisierend zu gestalten. Das darauf folgende Psychologie- und P\u00e4dagogikstudium an der Universit\u00e4t Z\u00fcrich brachte mich auch f\u00fcr ein Jahr nach Atlanta, wo ich an der Georgia State University bei Theodoro Ayllon (dem Erfinder des Token-Systems) Verhaltenstherapie studierte. Beim Unterrichten an der Rietberg Montessori Schule in Z\u00fcrich wurde ich mit der vorbereiteten Umgebung und ihren positiven Auswirkungen auf die Entwicklung der Sch\u00fcler vertraut gemacht. <\/p>\n\n\n\n<p>Als wissenschaftliche Mitarbeiterin arbeitete ich am Grundstufenschulversuch des Kantons Z\u00fcrich mit. Die intensive Auseinandersetzung mit den Bed\u00fcrfnissen der vier- bis achtj\u00e4hrigen Kinder und die damals fehlenden Lehrmittel f\u00fcr diese Stufe bewogen mich dazu, <a href=\"http:\/\/www.sandraberiger.ch\/sandra-beriger\/meine-arbeit\/\">Lernspiele und Lehrmittel f\u00fcr diese Stufe zu entwickeln.<\/a> Ziel der Produkte ist es, meine vielf\u00e4ltigen Erfahrungen als Unterstufenlehrerin aber auch als F\u00f6rderlehrerin anderen Lehrpersonen und Sch\u00fclern zug\u00e4nglich zu machen, um sie beim Erlernen der Kulturtechniken zu unterst\u00fctzen. Seit 2010 arbeite ich als Schulische Heilp\u00e4dagogin im Kindergarten und auf der Primarstufe in Z\u00fcrich. Die Schwerpunkte meiner Arbeit bilden Standortbestimmungen im schulischen Bereich, Schulreifetests und die F\u00f6rderung aller Sch\u00fcler, speziell von Kindern mit Teilleistungsschw\u00e4chen, wie auch die Begleitung von hochbegabten Sch\u00fclern. Ebenso bildet die Beratung von Lehrpersonen und Eltern einen wichtigen Teil meiner Arbeit.<\/p>\n\n\n\n<p>Zu meinen Spezialgebieten Chancen und Risiken einer fr\u00fchen Einschulung, mathematische (Fr\u00fch-)F\u00f6rderung, Grund- und Basisstufe, Lernen von 4 -8 in altersdurchmischten Klassen und Sprachf\u00f6rderung halte ich Vortr\u00e4ge f\u00fcr Lehrpersonen, aber auch f\u00fcr Eltern.&nbsp;Mehr Informationen zu meiner <a href=\"http:\/\/www.sandraberiger.ch\/vortrage\/\" target=\"_blank\" rel=\"noreferrer noopener\">Vortragst\u00e4tigkeit findet sich hier. <\/a><\/p>\n\n\n\n<p>Politisch engagiere ich mich in der kantonalen und nationalen Bildungskommission der Mitte und als Vizepr\u00e4sidentin der Mitte Frauen Kanton Z\u00fcrich. 2026 werde ich f\u00fcr einen Sitz im Gemeinderat kandidieren. Mehr Informationen zu\u00a0<a href=\"http:\/\/www.sandraberiger.ch\/\">meinem politischen Engagement hier<\/a>.<\/p>\n\n\n\n<p><strong><em>Publizierte Artikel:<\/em><\/strong><\/p>\n\n\n\n<p><strong>Einschulen mit vier?<\/strong>&nbsp;\u2013&nbsp;<a rel=\"noreferrer noopener\" href=\"https:\/\/www.dropbox.com\/s\/p5a0n29lvwqm1j6\/Pro-Kontra_in_Rundgang_1-2021.pdf?dl=0\" target=\"_blank\"><i>PRO &amp; KONTRA&nbsp;<\/i>Sollen Kinder fl\u00e4chendeckend mit dem vierten Geburtstag in die Basisstufe oder den Kindergarten eintreten?<\/a> \u00ab<em>Eine fl\u00e4chendeckende Fr\u00fcheinschulung \u00fcberfordert viele junge Kinder.<\/em>\u00bb&nbsp;Rundgang 1 \u2014 Januar 2021<\/p>\n\n\n\n<p><strong>Gef\u00e4hrdung durch Besch\u00fctzen vor Gefahr<\/strong> &#8211; <a rel=\"noreferrer noopener\" href=\"https:\/\/doppelpunkt.ch\/sandra-beriger\/\" target=\"_blank\">Doppelpunkt: Das Magazin f\u00fcr gutes Lebensklima,<\/a> 14. August 2021<\/p>\n","protected":false},"excerpt":{"rendered":"<p>Sandra Beriger lic. phil. I Entwicklungspsychologin, F\u00f6rderlehrperson, Autorin Nach mehrj\u00e4hriger T\u00e4tigkeit als Primarschullehrerin ver\u00f6ffentlichte ich 1992 die \u201eWasser-Werkstatt\u201c, eine der ersten \u201cMensch und Umwelt\u201d-Werkst\u00e4tten f\u00fcr die Primarschulstufe. Lehrpersonen bekamen damit ein Hilfsmittel, um ihren Unterricht handlungsorientiert und individualisierend zu gestalten. Das darauf folgende Psychologie- und P\u00e4dagogikstudium an der Universit\u00e4t Z\u00fcrich brachte mich auch f\u00fcr ein [&hellip;]<\/p>\n","protected":false},"author":1,"featured_media":0,"parent":0,"menu_order":0,"comment_status":"closed","ping_status":"closed","template":"","meta":[],"_links":{"self":[{"href":"http:\/\/www.sandraberiger.ch\/sandra-beriger\/wp-json\/wp\/v2\/pages\/546"}],"collection":[{"href":"http:\/\/www.sandraberiger.ch\/sandra-beriger\/wp-json\/wp\/v2\/pages"}],"about":[{"href":"http:\/\/www.sandraberiger.ch\/sandra-beriger\/wp-json\/wp\/v2\/types\/page"}],"author":[{"embeddable":true,"href":"http:\/\/www.sandraberiger.ch\/sandra-beriger\/wp-json\/wp\/v2\/users\/1"}],"replies":[{"embeddable":true,"href":"http:\/\/www.sandraberiger.ch\/sandra-beriger\/wp-json\/wp\/v2\/comments?post=546"}],"version-history":[{"count":19,"href":"http:\/\/www.sandraberiger.ch\/sandra-beriger\/wp-json\/wp\/v2\/pages\/546\/revisions"}],"predecessor-version":[{"id":761,"href":"http:\/\/www.sandraberiger.ch\/sandra-beriger\/wp-json\/wp\/v2\/pages\/546\/revisions\/761"}],"wp:attachment":[{"href":"http:\/\/www.sandraberiger.ch\/sandra-beriger\/wp-json\/wp\/v2\/media?parent=546"}],"curies":[{"name":"wp","href":"https:\/\/api.w.org\/{rel}","templated":true}]}}

Über mich

<div class="wp-block-columns">
<div class="wp-block-column" style="flex-basis:50%">
<p class="has-large-font-size"><strong>Sandra Beriger</strong> lic. phil. I</p>



<p></p>



<p class="has-normal-font-size">Entwicklungspsychologin, Förderlehrperson, Autorin</p>
</div>



<div class="wp-block-column" style="flex-basis:33.33%">
<figure class="wp-block-image size-full"><a href="http://www.sandraberiger.ch/wp-content/uploads/2021/12/sandraberiger.jpg"><img loading="lazy" width="409" height="585" src="http://www.sandraberiger.ch/wp-content/uploads/2021/12/sandraberiger.jpg" alt="" class="wp-image-547" srcset="http://www.sandraberiger.ch/wp-content/uploads/2021/12/sandraberiger.jpg 409w, http://www.sandraberiger.ch/wp-content/uploads/2021/12/sandraberiger-210x300.jpg 210w" sizes="(max-width: 409px) 100vw, 409px" /></a></figure>
</div>
</div>



<p>Nach mehrjähriger Tätigkeit als Primarschullehrerin veröffentlichte ich 1992 die „Wasser-Werkstatt“, eine der ersten “Mensch und Umwelt”-Werkstätten für die Primarschulstufe. Lehrpersonen bekamen damit ein Hilfsmittel, um ihren Unterricht handlungsorientiert und individualisierend zu gestalten. Das darauf folgende Psychologie- und Pädagogikstudium an der Universität Zürich brachte mich auch für ein Jahr nach Atlanta, wo ich an der Georgia State University bei Theodoro Ayllon (dem Erfinder des Token-Systems) Verhaltenstherapie studierte. Beim Unterrichten an der Rietberg Montessori Schule in Zürich wurde ich mit der vorbereiteten Umgebung und ihren positiven Auswirkungen auf die Entwicklung der Schüler vertraut gemacht. </p>



<p>Als wissenschaftliche Mitarbeiterin arbeitete ich am Grundstufenschulversuch des Kantons Zürich mit. Die intensive Auseinandersetzung mit den Bedürfnissen der vier- bis achtjährigen Kinder und die damals fehlenden Lehrmittel für diese Stufe bewogen mich dazu, <a href="http://www.sandraberiger.ch/sandra-beriger/meine-arbeit/">Lernspiele und Lehrmittel für diese Stufe zu entwickeln.</a> Ziel der Produkte ist es, meine vielfältigen Erfahrungen als Unterstufenlehrerin aber auch als Förderlehrerin anderen Lehrpersonen und Schülern zugänglich zu machen, um sie beim Erlernen der Kulturtechniken zu unterstützen. Seit 2010 arbeite ich als Schulische Heilpädagogin im Kindergarten und auf der Primarstufe in Zürich. Die Schwerpunkte meiner Arbeit bilden Standortbestimmungen im schulischen Bereich, Schulreifetests und die Förderung aller Schüler, speziell von Kindern mit Teilleistungsschwächen, wie auch die Begleitung von hochbegabten Schülern. Ebenso bildet die Beratung von Lehrpersonen und Eltern einen wichtigen Teil meiner Arbeit.</p>



<p>Zu meinen Spezialgebieten Chancen und Risiken einer frühen Einschulung, mathematische (Früh-)Förderung, Grund- und Basisstufe, Lernen von 4 -8 in altersdurchmischten Klassen und Sprachförderung halte ich Vorträge für Lehrpersonen, aber auch für Eltern.&nbsp;Mehr Informationen zu meiner <a href="http://www.sandraberiger.ch/vortrage/" target="_blank" rel="noreferrer noopener">Vortragstätigkeit findet sich hier. </a></p>



<p>Politisch engagiere ich mich in der kantonalen und nationalen Bildungskommission der Mitte und als Vizepräsidentin der Mitte Frauen Kanton Zürich. 2026 werde ich für einen Sitz im Gemeinderat kandidieren. Mehr Informationen zu <a href="http://www.sandraberiger.ch/">meinem politischen Engagement hier</a>.</p>



<p><strong><em>Publizierte Artikel:</em></strong></p>



<p><strong>Einschulen mit vier?</strong>&nbsp;–&nbsp;<a rel="noreferrer noopener" href="https://www.dropbox.com/s/p5a0n29lvwqm1j6/Pro-Kontra_in_Rundgang_1-2021.pdf?dl=0" target="_blank"><i>PRO &amp; KONTRA&nbsp;</i>Sollen Kinder flächendeckend mit dem vierten Geburtstag in die Basisstufe oder den Kindergarten eintreten?</a> «<em>Eine flächendeckende Früheinschulung überfordert viele junge Kinder.</em>»&nbsp;Rundgang 1 — Januar 2021</p>



<p><strong>Gefährdung durch Beschützen vor Gefahr</strong> &#8211; <a rel="noreferrer noopener" href="https://doppelpunkt.ch/sandra-beriger/" target="_blank">Doppelpunkt: Das Magazin für gutes Lebensklima,</a> 14. August 2021</p>

<p>Sandra Beriger lic. phil. I Entwicklungspsychologin, Förderlehrperson, Autorin Nach mehrjähriger Tätigkeit als Primarschullehrerin veröffentlichte ich 1992 die „Wasser-Werkstatt“, eine der ersten “Mensch und Umwelt”-Werkstätten für die Primarschulstufe. Lehrpersonen bekamen damit ein Hilfsmittel, um ihren Unterricht handlungsorientiert und individualisierend zu gestalten. Das darauf folgende Psychologie- und Pädagogikstudium an der Universität Zürich brachte mich auch für ein [&hellip;]</p>
